emainder when 199 is divided by v.
19
Let u = 625 + -921. Let b = -193 - u. What is the remainder when b is divided by 13?
12
Suppose -3*x - o - 86 = 0, 0 = -3*o - o - 20. Let y(t) = t**3 - 9*t**2 + 5*t + 5. Let l be y(8). Let i = l - x. Calculate the remainder when 31 is divided by i.
7
Let b be (-5 - 0) + (-580)/(-116). Suppose -v - 22*v + 11086 = b. What is the remainder when v is divided by 69?
68
Let c(h) = 6*h - 9. Let z be c(3). Suppose z*d + 10 = 181. Let w = d - 2. What is the remainder when 45 is divided by w?
11
Let s(j) = j**3 + 9*j**2 + 6*j - 14. Let w be s(-8). Suppose w*u - 12 = 4*r, 2*u + r = -0*u + 2. What is the remainder when u is divided by 2?
0
Let q = 17 - 29. Let m be ((-4)/3)/(-4) - 116/q. Calculate the remainder when 74 is divided by 228/8*m/15.
17
Let f = -3 + 3. Suppose -c - 3*r = -118, -4*c + f*c = 2*r - 482. Suppose v - 36 = c. Calculate the remainder when v is divided by 53.
51
Let l = -181 + 191. Let a(j) = 6*j - 47. Let o = 116 + -79. Calculate the remainder when o is divided by a(l).
11
Let u = 12672 - 12653. Calculate the remainder when 553 is divided by u.
2
Let f be 5 + -7 + -1 + 5. Suppose r + m - 10 = -2*r, f = 2*m. What is the remainder when r is divided by 2?
1
What is the remainder when 839 is divided by 280/45 + (-2)/21 + 168/(-1323)?
5
Let d(t) = -2*t**2 - 12*t + 23. Let o be d(-8). What is the remainder when (6 + -13 - o) + (-102)/(-2) is divided by (-21 - 1)*3/(-6)?
9
Let x = -14 + 20. Suppose 4*d = 2*n - 6*n + 60, -4*n - 36 = -2*d. Calculate the remainder when d is divided by x.
4
Let p = -10166 + 10302. Calculate the remainder when p is divided by 45.
1
Let j(d) = d**2 - 107*d - 1609. Calculate the remainder when j(-18) is divided by 26.
17
Suppose 4*g = x + 3*x - 96, 3*x + 4*g - 79 = 0. Calculate the remainder when 20/(-35)*((-355348)/(-56))/(-49) is divided by x.
24
Suppose 0 = 10*r - 1347 - 373. Let k = 5696 - 5691. Calculate the remainder when r is divided by k.
2
Suppose -4*x + 5*d = -24, -d = -2*x + 2*d + 14. Let a be (2 - (4 + x)) + 12. Let q = 18 - a. Calculate the remainder when 34 is divided by q.
7
Let g = 49 - 45. Suppose -30 = g*u - 18. What is the remainder when 169 is divided by (98/(-4) - u)/(5/(-10))?
40
Suppose 13 = 5*g - 2. Let j(h) = 4*h - 11. Calculate the remainder when -9*(g/(-1) + -4) is divided by j(6).
11
Let f(k) = 2*k**3 + 191*k**2 - 101*k + 187. Calculate the remainder when f(-96) is divided by 110.
7
Calculate the remainder when 8/10 + 82297/85 is divided by 10.
9
Suppose 4*u = 1 - 13, -109 = -2*p - u. Let y = -4121 - -4144. What is the remainder when p is divided by y?
10
Let l(j) = -36*j - 1516. What is the remainder when l(-57) is divided by 25?
11
Let q(h) = 3*h**2 - 84*h + 838. Calculate the remainder when q(21) is divided by 7.
5
Let c = -17683 + 17735. What is the remainder when 19966 is divided by c?
50
Suppose 4*f - 24 = 0, 4*k = -23*f + 27*f + 124. What is the remainder when 237 is divided by k?
15
Let l(q) = 218*q**3 - 2*q**2 + 3*q - 2. Let p(b) = -b**2 - 4*b + 13. Let j be p(-6). Let g be l(j). What is the remainder when g/14 - 1/2 is divided by 8?
7
Suppose w - 24 = 2*m, 2*m + m + 48 = 2*w. Let c = 35 - w. Let o = 37 + c. What is the remainder when 94 is divided by o?
46
Let d(j) = 2*j**2 - 142*j + 715. What is the remainder when 662 is divided by d(66)?
2
Let v = 9439 + -9383. What is the remainder when 152 is divided by v?
40
Suppose k + 10*k = 33. Calculate the remainder when -2 - 136/6*k/(-2) is divided by 23.
9
Let n(j) = -j**2 + 65*j - 149. Let z = -19 + 72. What is the remainder when n(59) is divided by z?
46
Let t(a) = -a**2 - 2*a + 29. Let w be t(4). Suppose f = 21 - 0. Calculate the remainder when w/1 + 0 + 77 is divided by f.
19
Suppose 3*k = 6*k - 3, -3*k = 4*a - 7. Let t be 1568/48 - 1*a/(-3). Suppose 5*h = t + 347. What is the remainder when h is divided by 16?
12
Suppose 0 = -12*a + 418 - 18 + 524. Calculate the remainder when 525 is divided by a.
63
Let n be 142/(10/(-25)*-5). Suppose 0 = -3*l + 9, 25 = -5*k - 12*l + 7*l. What is the remainder when 1*n - (-4)/(k/6) is divided by 24?
20
Let v(t) = t**3 + 4*t**2 - 6*t + 4. Let x be v(-6). Suppose 0 = -j + 3*j - 94. Let d = j + x. What is the remainder when 37 is divided by d?
7
Let f = 91 - 53. Suppose -93*z - 51*z + 44*z = -12400. What is the remainder when z is divided by f?
10
Let n(t) = 3*t - 20. Let k(f) = -2*f**3 - 3*f**2 + 4. Let u be k(-2). Let m(y) = y**2. Calculate the remainder when n(u) is divided by m(2).
0
Let p(w) be the second derivative of 0 - 1/3*w**3 + 9/2*w**2 + 1/6*w**4 - 2*w. Calculate the remainder when p(5) is divided by 10.
9
Let n(h) = -h**3 - 10*h**2 + h + 11. Let j be -1 - -1 - (-3)/((-6)/26). Let m = 20 + j. What is the remainder when m is divided by n(-10)?
0
Let m(q) = q**3 + 29*q**2 + 56*q + 130. What is the remainder when 373 is divided by m(-27)?
69
Suppose -82*o = -4219 - 1439. Calculate the remainder when 2069 is divided by o.
68
Suppose -56*w - 43*w + 18315 = 0. What is the remainder when w is divided by 60?
5
Suppose 36 = -37*b + 110. Suppose 214 = 3*s + 14*q - 16*q, b*s - 3*q - 151 = 0. Calculate the remainder when s is divided by 28.
12
Let i(k) = 5*k**2 + 182*k + 150. Calculate the remainder when 172 is divided by i(-36).
16
Let u(q) = 61*q**3 - 2*q**2 + 3. Let j be u(3). Calculate the remainder when 42 is divided by j/224 + 12/7 + -2.
0
Suppose 2*a + 5*s = -a - 4, -a + 5*s = -12. Calculate the remainder when 11 is divided by a.
1
Let o(t) = -26*t + 18. Suppose -3*f = h - 13 - 0, 3*f + 4*h = -2. Let u be o(f). What is the remainder when 26 is divided by u/(-9) + 1/(-3)?
11
Let y(d) = -7*d**2 + 3*d - 2. Suppose -13 - 10 = f - 5*j, 4*j = 20. Let b be y(f). What is the remainder when 55 is divided by (-4)/(-2)*b/(-3)?
7
Suppose -2*l - l - 3*j = -291, 4*j = -2*l + 186. Suppose -6*x = -p - 2*x + 17, -3*p + 4*x = -59. What is the remainder when l is divided by p?
17
Suppose -2*p - 4 - 40 = 2*h, 0 = -2*p + 4*h - 38. Let g = -13 - p. Suppose -g*a + 30 = -34. Calculate the remainder when 19 is divided by a.
3
Let k = 263 + -261. Calculate the remainder when 69 is divided by (k + (-36)/20)*10.
1
Let m be (-5 - -6) + (-14)/(-2). Suppose 0 = 6*b - 2*b + m. Calculate the remainder when 33 is divided by ((-40)/50)/(b/15).
3
Suppose 5*l - 312 - 913 = 0. Suppose x = -l + 310. What is the remainder when 321 is divided by x?
61
Suppose -3*q = -18 - 150. Let n(x) = 61*x - 966. Calculate the remainder when q is divided by n(16).
6
Suppose 538 = -25*k + 191*k - 790. Let a = 261 + 26. What is the remainder when a is divided by k?
7
Let s(m) = -7*m**3 - 4*m + 2. Let q = 1455 - 1388. Calculate the remainder when s(-4) is divided by q.
64
Suppose -4 = -3*k + 4*k - 2*u, -2*k - 2*u + 10 = 0. Suppose k*z + 2*z - 5*p = 129, -3*z + 98 = -5*p. What is the remainder when z is divided by 3?
1
Let h(p) = p**2 - 12*p - 2. Calculate the remainder when h(-4) is divided by (-248)/(-25) + (-120)/(-1500).
2
Suppose 10 = 2*a - 0*a. Suppose a*i - 123 = -28. Let h = 1289 - 1216. Calculate the remainder when h is divided by i.
16
Suppose -3*x + 3*z = -120, 2*x - 14*z - 104 = -18*z. Calculate the remainder when 76 is divided by x.
32
Let b(u) = u**3 - 36*u - 9. Let p be b(-6). Let c = p + 12. Calculate the remainder when 17 is divided by c.
2
What is the remainder when (586*(-10)/4)/((-35)/14) is divided by 184?
34
Suppose -5*b + 6*b = 278. Suppose 0 = 3*a - 2*i - 248, 0*a = -3*a - 4*i + b. What is the remainder when a is divided by 18?
14
Suppose -19 - 77 = 2*x + 5*c, 0 = 4*c - 8. Let v = -51 - x. Suppose v*u = 6*u - 332. Calculate the remainder when u is divided by 43.
40
Suppose s - 27 = -7. Let y(g) = 24*g**2 + 1446*g + 372. Calculate the remainder when s is divided by y(-60).
8
Let z = 5 + 20. Let l be 362/6 + 14/21 + 0. Let c = l + -52. What is the remainder when z is divided by c?
7
Suppose 3*g - 17 - 23 = -4*a, g + a = 12. Suppose 978 = -g*b + 1058. What is the remainder when 4*1/8*134 is divided by b?
7
Let u(i) = 347*i - 4077. Calculate the remainder when 165 is divided by u(12).
78
Let n be ((-645 + 2)/(-1))/(-8 - -9). Let a = n - 621. Let z = -45 + 85. What is the remainder when z is divided by a?
18
What is the remainder when 5348 is divided by (478/20)/((-9)/(-90)) - (-14)/(-2